**2. Let r(w) = -3*j(w) + 2*m(w). Determine r(3).
8
Let m = -42 + 43. Let v(n) = 4*n**3. Determine v(m).
4
Let b be -5 - (-4 - 0)*1. Let u(d) = -2*d**3 - d**2 - 2*d - 1. What is u(b)?
2
Let s(w) = 6*w + 4. Let b(v) = -7*v - 4. Let a(j) = -5*b(j) - 6*s(j). Give a(-3).
-1
Suppose 0*l - 6 = -2*l. Suppose -5*a + l*a + p + 6 = 0, 3*p = -a + 10. Suppose 7*w - 3*w - a*u - 8 = 0, w - 3*u - 2 = 0. Let n(s) = -s**2 - 2*s. Give n(w).
-8
Let j(w) = 3 + 1222*w**3 + 8*w - 1223*w**3 + 4 - 4*w**2. Determine j(-5).
-8
Let u = 3 + -2. Suppose -10 = s + 5*p, p + 37 = 5*s - 3*p. Let r(b) = -5*b + 6. Let o(q) = -5*q + 5. Let i(m) = s*o(m) - 4*r(m). Determine i(u).
-4
Let y = 1 + -3. Let z(x) be the first derivative of x**6/120 + x**5/60 + x**3/6 + 2*x**2 - 4. Let v(w) be the second derivative of z(w). Give v(y).
-3
Let u be 14/(-21)*9/(-2). Let j(s) = u + 3 - 4 - s - 6 - s**2. Determine j(0).
-4
Let m be ((0 - 0)/1)/(-2). Let l be (1 + 3/(-2))*m. Let z(h) = h**3 - h - 6 + 4*h**2 + l*h - h. Calculate z(-4).
2
Let v(z) = z**3 - 2*z**2 + z - 2. Let q be v(2). Let c = 2 - q. Let d(g) = -2*g - 1. Determine d(c).
-5
Let i(h) be the first derivative of -h**4/12 + 2*h**3/3 - 5*h - 6. Let f(n) be the first derivative of i(n). What is f(3)?
3
Let i(k) = k**3 + 4*k**2 - 6*k. Let c = -5 + 3. Let u = -3 + c. Determine i(u).
5
Let l(y) = -y**3 + 6*y**2 - 2*y + 9. Let p(v) = v**3 + 9*v**2 - 12*v - 14. Let g be p(-10). Calculate l(g).
-3
Let d = -22 + 9. Let s = 14 + d. Let w(b) = 3*b**3 + b. Determine w(s).
4
Let m(n) = n**2 - 3*n + 4. Suppose l + 3*p - 4 + 9 = 0, 3*p + 17 = 2*l. What is m(l)?
8
Let j(z) = z**3 + z**2. Let s(l) = -5*l**3 + 3*l**2 + 8*l + 6. Let v(n) = 4*j(n) + s(n). Give v(8).
6
Let r(o) = 3*o - 3. Let v be r(2). Let b(t) be the first derivative of -2 + 2*t**2 - v*t - 1/3*t**3. Give b(5).
-8
Let f be (-2)/(-5) + (-6)/(-10). Let o be f + (-6 - -2)/2. Let i(j) = 6*j**3 - 5*j**2 + 1. Let c(h) = -h**2. Let b(w) = -4*c(w) + i(w). Determine b(o).
-6
Let q(m) be the first derivative of m**4/4 + 4*m**3/3 + 2*m**2 + 3*m + 8. Calculate q(-2).
3
Let q(r) = -r**2 - r. Let z = -1 - 0. Let m(b) = b**3 + 9*b**2 + 4*b + 8. Let j(l) = z*m(l) - 3*q(l). Calculate j(-6).
-2
Let v = -9 - -16. Let j(m) = -m**2 + 8*m - 1. Give j(v).
6
Let g(n) = 4*n. Suppose -4*y = 2*v - 8, -2*y + 20 = 5*v - 0*v. Suppose y = a + 4*a - 20. Let i(k) = -3*k. Let u(d) = a*g(d) + 6*i(d). What is u(-3)?
6
Let c(h) = h**3 + 2*h**2 - 2*h - 3. Let k be 32/(-5) - 2/(-5). Let b be -3*(1 - (-14)/k). Suppose -8 + 0 = b*f. Give c(f).
1
Let p(v) be the second derivative of -3*v**5/10 - v**2/2 + v. Let h be 38/(-2)*6/3. Let u = h - -37. Determine p(u).
5
Let g(a) be the second derivative of -a**5/20 + 5*a**4/12 - a**3/2 - 2*a**2 - 21*a. Determine g(3).
5
Suppose 6 = 2*o + o. Let x(l) = -l**2 - l + 4. Let a(z) = -2*z**2 - 2*z + 9. Let k(y) = 3*a(y) - 7*x(y). What is k(o)?
5
Suppose -k = 4*d - 37, -d - k + 0*k + 7 = 0. Let r be ((-6)/(-2))/((-15)/d). Let g(h) = -h**3 - h**2 - h + 2. Give g(r).
8
Let r(x) be the first derivative of -x - 1/3*x**3 - x**4 + 1/2*x**2 - 2. Suppose 0*s - s + 1 = 0. Calculate r(s).
-5
Let v = -161 - -170. Let q(t) = -t + 12. What is q(v)?
3
Let m(z) = -z**3 - 5*z**2 - 5*z + 3. Let f be 2/9 - 76/18. Give m(f).
7
Let h(d) = d + 8. Let q = 57 + -64. Give h(q).
1
Let j(p) = p + 3*p + 2*p - 4 - 5*p. What is j(5)?
1
Let d(b) = b + 3. Suppose -2*n + 0*n = 12. Let p(v) = v**3 + 5*v**2 - 6*v - 4. Let l be p(n). Calculate d(l).
-1
Let x(a) = -a**2 + a - 4. Let m = -8 - -11. Calculate x(m).
-10
Let n(r) = -4*r**2 - 23*r - 2. Let j(c) = 9*c**2 + 46*c + 5. Let q(z) = 6*j(z) + 13*n(z). Let x(f) = -3*f**2 + 35*f - 6. Let y(v) = -8*q(v) - 5*x(v). Give y(8).
6
Let s(d) be the first derivative of d**2 + 1/3*d**3 + 2 + d. Let r be s(-1). Let l(w) = w**3 + w**2 + w + 4. What is l(r)?
4
Let o(g) = g + 2*g + 31 - 30. Calculate o(1).
4
Let o(w) = -w**2 + 3*w. Let y(p) = p - 6. Let k be y(5). Suppose 0 = 3*s + 4 + 2. Let g(i) = i**2 + i + 1. Let l(t) = k*o(t) + s*g(t). Calculate l(-4).
2
Suppose 0 - 16 = -2*t. Suppose 2*i = -2*i - t. Let v be 1 + (-2)/i + -6. Let s(p) = p**2 + p - 5. What is s(v)?
7
Let k = 12 + -11. Let o(n) = 6*n - 1. Give o(k).
5
Let u(o) = -2*o - 6. Suppose 0 = -2*q - 3*q + 30. Suppose -q*s + 14 = -5*s - 5*g, 2*g + 32 = -4*s. Determine u(s).
6
Suppose 2*s - 3*s + 3*m = 15, 5*m = 25. Let g(p) = 3 - p**2 + s - 5*p + 3. What is g(-5)?
6
Let s(x) be the third derivative of -x**5/60 - x**4/6 + 4*x**3/3 + x**2. Let q be (-10 - -3)*((-6)/(-7) - 0). Give s(q).
-4
Let t = 4 + -7. Let s(w) = -3*w**2 - 13*w - 3. Let q(o) = 2*o**2 + 9*o + 2. Let v(u) = 7*q(u) + 5*s(u). Calculate v(t).
-4
Let b(z) = -z**2 - 3*z. Let t(i) = -i**2 + 2*i - 6. Let o be t(2). Calculate b(o).
-18
Let p be 3 + -1 - 0/1. Let o(u) = 3*u - 9*u + 3*u. Determine o(p).
-6
Let h(w) be the second derivative of w**4/12 + w**3 - 2*w. Let i = -5 - -2. Let o = -2 + i. Calculate h(o).
-5
Suppose -5*w = f + 4, 3*w + 5*f - 2 = -0. Let r(p) be the first derivative of 2 + 0*p + 5/3*p**3 + 1/2*p**2. Calculate r(w).
4
Let n(d) = 2*d**2 - 3*d + 1. Suppose 5*g - j = 15, 2*g + 0*j = 2*j + 6. Give n(g).
10
Let j(x) be the first derivative of 2*x**3/3 - x**2/2 + 1. Let g be j(-1). Let z(a) = -5 - a**2 - 2*a - g*a + 0*a**2. Calculate z(-5).
-5
Let l = -18 + 21. Let m(i) = -i. What is m(l)?
-3
Let i = -16 - -14. Let o(m) = m**3 + 4*m**2 + 3*m + 2. Let w be o(i). Let t(x) = -x**3 + 4*x**2 + x + 3. Determine t(w).
7
Let f(q) = 3*q**2 + 1. Let n(y) = y - 5. Let h = 10 + -3. Let u be n(h). Let i = 3 - u. Calculate f(i).
4
Suppose 0 = a - 4*t - 11, 2*t - 12 = 2*a + 2*a. Let q(v) = v**2 - v + 1. Let p(j) = -5*j**2 + 2*j - 4*j + 4*j - 4*j. Let b(u) = p(u) + 4*q(u). Calculate b(a).
9
Let n(k) be the first derivative of k**5/20 - k**3/6 - k**2 - k + 1. Let g(u) be the first derivative of n(u). Determine g(-2).
-8
Let k(n) be the third derivative of -n**6/360 - 7*n**5/120 - n**4/6 - n**3/6 - 3*n**2. Let d(a) be the first derivative of k(a). Give d(-5).
6
Let y(v) = 7*v**2 + 4 - 5 + 2*v - v**3 - 3*v**2 + 0*v**3. Let f(p) = 5*p**3 - 2*p**2 + 2*p - 1. Let h be f(1). Give y(h).
7
Let w(l) = -l - 10. Let t = -23 + 13. Let k be w(t). Let z(a) = 2*a**2 + 3 + a**2 - 2*a**2 + a. What is z(k)?
3
Suppose -6 = -5*h + 4. Suppose -h*s - 4 = -2*y - 5*s, -4*s + 4 = 2*y. Suppose -b + 5*q + 23 = 0, -y*b - 3*q + 6 = 25. Let j(o) = -3*o. Give j(b).
6
Let y(v) = 3*v - 4. Let c(b) = 5*b - 7. Let i(l) = 4*c(l) - 7*y(l). Let s(d) = -d**2 + 7*d - 5. Let g be s(6). Give i(g).
-1
Let m be (-4)/18 - 164/(-9). Suppose -m = -5*n + 7. Let h(v) be the second derivative of v**3/3 - 2*v**2 - v. What is h(n)?
6
Let i = 10 - -6. Suppose 4*j - i = -4*r - 0*j, 3*j = 0. Let n(a) = 5 - r - a + 2*a - a**2. Give n(3).
-5
Let h(x) be the first derivative of -1/2*x**2 + 0*x + 3 + 1/4*x**4 + 5/3*x**3. Let n be ((1 - -1) + 3)*-1. What is h(n)?
5
Let m(x) = 2*x**2 + 9*x - 7. Let r(i) = i**2 + 5*i - 4. Let q(n) = -4*m(n) + 7*r(n). Calculate q(-3).
-6
Let o(z) be the third derivative of z**7/5040 - z**6/180 - z**5/12 + 4*z**2. Let a(g) be the third derivative of o(g). Calculate a(6).
2
Let t be ((-2)/(-1))/((-4)/(-34)). Suppose -13 = -2*s - l - 2*l, 3*l = 2*s + t. Let g = 3 + s. Let h(w) = w**2 - 3*w + 3. What is h(g)?
1
Let p be -1*4/(-2) + 1. Suppose 3*z - 10 = -2*i, p*i - 2*i + z = 3. Let y be (-4)/i*(-1)/2. Let b(w) = -w**2 - 2*w + 1. What is b(y)?
1
Let w(x) = 10*x - 2. Let f(y) = -3*y + 1. Let g(d) = -11*f(d) - 4*w(d). What is g(-2)?
11
Suppose 3*b + 7 = 6*b + u, -4*u = 2*b - 18. Let s(q) = -7*q**2 - 3*q - 5. Let n(t) = -4*t**2 - t - 2. Let m(a) = -5*n(a) + 2*s(a). Calculate m(b).
5
Let c(d) = -d**2 + 4*d - 6 + 0 - 8*d. Give c(-5).
-11
Let i(l) = -2*l**2 + 27*l + 10. Let b be i(14). Let f(q) = -q**2 - q + 1. Determine f(b).
-11
Let m(o) = o**3 + 2*o**2 - o - 2. Let u be m(-2). Suppose u = 5*b - 16 - 4. Let k = b - 5. Let t(n) = 5*n**2 + n. Determine t(k).
4
Let x be ((-12)/15)/(2/(-5)). Let k(f) = -2 + f**2 + 0*f**3 - f**3 - 5*f**x - 5*f. Let t = 171 + -174. Calculate k(t).
4
Let x = 3 - -1. Let i(y) be the first derivative of -y**2/2 + 9*y + 1. Give i(x).
5
Let q(p) be the third derivative of p**4/12 - 5*p**3/6 - 3*p**2. Calculate q(-5).
-15
Let u(i) = i**2 - 5*i + 11. Let t(g) = -6 - 6 + 10*g - 2*g**2 +